{"id":341,"date":"2017-01-28T21:32:27","date_gmt":"2017-01-28T20:32:27","guid":{"rendered":"http:\/\/coursreligion.lapairelle.be\/?page_id=341"},"modified":"2017-01-28T21:47:12","modified_gmt":"2017-01-28T20:47:12","slug":"pratiquer-le-dialogue-interconvictionnel","status":"publish","type":"page","link":"https:\/\/profsreligionjesuites.be\/?page_id=341","title":{"rendered":"Pratiquer le dialogue interconvictionnel"},"content":{"rendered":"<p><span style=\"font-family: Times New Roman,serif;\"><span style=\"font-size: large;\"><b>Deux sources g\u00e9n\u00e9ralistes proposant (entre autres) des outils sur cette question\u00a0:<\/b> <\/span><\/span><\/p>\n<ul>\n<li><span style=\"font-family: Times New Roman,serif;\"><span style=\"font-size: large;\">Sur le <a href=\"http:\/\/enseignement.catholique.be\/segec\/index.php?id=1921\">site du SeGEC<\/a>, la page du secteur religion consacr\u00e9e \u00e0 cette comp\u00e9tence.\u00a0 <\/span><\/span><\/li>\n<li><span style=\"font-family: Times New Roman,serif;\"><span style=\"font-size: large;\">La revue <i>Informations<\/i> (en format papier)\u00a0: revue des professeurs de religion catholique du secondaire (ex\u00a0: le n\u00b0 d\u2019avril 2015 intitul\u00e9 \u00ab\u00a0Int\u00e9grismes et terrorisme\u00a0: au nom de quelle religion?). <\/span><\/span><\/li>\n<\/ul>\n<p><span style=\"font-family: Times New Roman,serif;\"><span style=\"font-size: large;\"><b>Une fiche-outil bas\u00e9e sur le livre de D. Gira\u00a0:<\/b><\/span><\/span><\/p>\n<ul>\n<li><span style=\"font-family: Times New Roman,serif;\"><span style=\"font-size: large;\"><a href=\"http:\/\/www.profsreligionjesuites.be\/wp-content\/uploads\/2017\/01\/Fiche-outil-D.GIRA-Pratiquer-le-dialogue1.pdf\">Fiche-outil<\/a><\/span><\/span><span style=\"font-family: Times New Roman,serif;\"><span style=\"font-size: large;\"> r\u00e9alis\u00e9e par M. Gesch\u00e9 (responsable du cours de religion \u00e0 la FESeC) \u00e0 partir du livre de D. Gira, <\/span><\/span><span style=\"font-family: Times New Roman,serif;\"><span style=\"font-size: large;\"><i>Le Dialogue \u00e0 porte de tous\u2026 ou presque<\/i><\/span><\/span> <span style=\"font-family: Times New Roman,serif;\"><span style=\"font-size: large;\">(2012).<br \/>\n<\/span><\/span><\/li>\n<\/ul>\n<p><span style=\"font-family: Times New Roman,serif;\"><span style=\"font-size: large;\"><b>Ouvrages exploitables avec les \u00e9l\u00e8ves (extraits ou lecture compl\u00e8te)\u00a0:<\/b><\/span><\/span><\/p>\n<ul>\n<li><span style=\"font-family: Times New Roman,serif;\"><span style=\"font-size: large;\">Anne DUCROCQ et Christophe VERSELLE, <i>La soci\u00e9t\u00e9 vue par les religions <\/i>(Librio, 2007). <\/span><\/span><\/li>\n<li><span style=\"font-family: Times New Roman,serif;\"><span style=\"font-size: large;\">Shafique KESHAVJEE, <i>Le roi, le sage et le bouffon<\/i> (Seuil, 1998). <\/span><\/span><\/li>\n<li><span style=\"font-family: Times New Roman,serif;\"><span style=\"font-size: large;\">Fr\u00e9d\u00e9ric LENOIR, <i>Socrate, J\u00e9sus, Bouddha, Trois ma\u00eetres de vie<\/i> (Le livre de Poche, 2011). <\/span><\/span><\/li>\n<li><span style=\"font-family: Times New Roman,serif;\"><span style=\"font-size: large;\">Fr\u00e9d\u00e9ric LENOIR et Ys\u00e9 TARDAN-MASQUELIER, <i>Le livre des sagesses, L\u2019aventure spirituelle de l\u2019humanit\u00e9<\/i> (Bayard jeunesse, 2005). <\/span><\/span><\/li>\n<li><span style=\"font-family: Times New Roman,serif;\"><span style=\"font-size: large;\">Eric-Emmanuel SCHMITT, Les 6 r\u00e9cits qui composent son \u00ab\u00a0cycle de l\u2019invisible\u00a0\u00bb\u00a0: <i>Oscar et la dame rose, Milarepa, L\u2019enfant de No\u00e9<\/i>\u2026 <\/span><\/span><\/li>\n<li><span style=\"font-family: Times New Roman,serif;\"><span style=\"font-size: large;\">Eric-Emmanuel SCHMITT <i>La nuit de feu<\/i> (Albin Michel 2015). <\/span><\/span><\/li>\n<\/ul>\n<p><span style=\"font-family: Times New Roman,serif;\"><span style=\"font-size: large;\"><b>Films pour susciter le questionnement\u00a0:<\/b><\/span><\/span><\/p>\n<ul>\n<li><span style=\"font-family: Times New Roman,serif;\"><span style=\"font-size: large;\"><i>Qu\u2019est-ce qu\u2019on a fait au bon dieu\u00a0?<\/i>, film r\u00e9alis\u00e9 par Philippe de Chauveron (2014). <\/span><\/span><\/li>\n<li><span style=\"font-family: Times New Roman,serif;\"><span style=\"font-size: large;\"><i>Le Chat du Rabbin<\/i><\/span><\/span><span style=\"font-family: Times New Roman,serif;\"><span style=\"font-size: large;\">, long-m\u00e9trage d\u2019animation de Joann Sfar et Antoine Delesvaux (2011).\u00a0<a href=\"http:\/\/www.zerodeconduite.net\/dp\/zdc_lechatdurabbin.pdf\">Dossier p\u00e9dagogique<\/a> disponible. <\/span><\/span><\/li>\n<li><span style=\"font-family: Times New Roman,serif;\"><span style=\"font-size: large;\"><i>Et maintenant on va o\u00f9\u00a0?<\/i>, com\u00e9die dramatique de Nadine Labaki (2011). <\/span><\/span><\/li>\n<li><span style=\"font-family: Times New Roman,serif;\"><span style=\"font-size: large;\"><i>Des hommes et des dieux<\/i>, un film r\u00e9alis\u00e9 par Xavier Beauvois (2010). <\/span><\/span><\/li>\n<\/ul>\n<p><span style=\"font-family: Times New Roman,serif;\"><span style=\"font-size: large;\"><b>Autres types d\u2019outils<\/b>\u00a0<b>:<\/b><\/span><\/span><\/p>\n<ul>\n<li><a href=\"http:\/\/meromedia.com\/43-dieu-adona%C3%AF-allah-et-moi.html\"><span style=\"font-family: Times New Roman,serif;\"><span style=\"font-size: large;\"><i>Dieu, Ado-na\u00ef, Allah et moi<\/i><\/span><\/span><\/a><span style=\"font-family: Times New Roman,serif;\"><span style=\"font-size: large;\">, DVD accompagn\u00e9 d\u2019un livret p\u00e9dagogique. <\/span><\/span><\/li>\n<li><a href=\"http:\/\/www.reseaucep.net\/docs\/Religions&amp;Spiritualites.pdf\"><span style=\"font-family: Times New Roman,serif;\"><span style=\"font-size: large;\"><i>Religions et spiritualit\u00e9s<\/i><\/span><\/span><\/a><span style=\"font-family: Times New Roman,serif;\"><span style=\"font-size: large;\">, Double DVD accompagn\u00e9 d\u2019un livret p\u00e9dagogique.<br \/>\n<\/span><\/span><\/li>\n<li><a href=\"https:\/\/www.kisskissbankbank.com\/ce-n-est-pas-du-sable-mais-on-ne-le-saura-qu-apres\"><span style=\"font-family: Times New Roman,serif;\"><span style=\"font-size: large;\"><i>Ceci n\u2019est pas du sable, mais on ne le saura qu\u2019apr\u00e8s<\/i><\/span><\/span><\/a>\u00a0<span style=\"font-family: Times New Roman,serif;\"><span style=\"font-size: large;\">: un projet artistique de sensibilisation au dialogue interconvictionnel port\u00e9 par la compagnie Transe-en-danse. Dossier p\u00e9dagogique disponible. Possibilit\u00e9 aussi de formations.<br \/>\n<\/span><\/span><\/li>\n<li><span style=\"font-family: Times New Roman,serif;\"><span style=\"font-size: large;\"><a href=\"http:\/\/www.sycomore.be\/\">Le Sycomore<\/a>\u00a0: jeux (\u00ab\u00a0Meeting\u00a0\u00bb, \u00ab\u00a0La mort et ses rites\u00a0\u00bb\u2026) et exposition \u00ab\u00a0Vivre ensemble\u00a0: mission (im)possible\u00a0?\u00a0\u00bb (\u00e0 louer).<br \/>\n<\/span><\/span><\/li>\n<li><em><a href=\"http:\/\/www.lemondedesreligions.fr\/\"><span style=\"font-family: Times New Roman,serif;\"><span style=\"font-size: large;\">Le Monde des religions<\/span><\/span><\/a><\/em>\u00a0<span style=\"font-family: Times New Roman,serif;\"><span style=\"font-size: large;\">: revue de r\u00e9f\u00e9rence.<br \/>\n<\/span><\/span><\/li>\n<\/ul>\n<p><span style=\"font-family: Times New Roman,serif;\"><span style=\"font-size: large;\"><b>Et pour rire aussi\u2026<\/b><\/span><\/span><\/p>\n<p><iframe loading=\"lazy\" src=\"\/\/www.dailymotion.com\/embed\/video\/x2fjxvn\" width=\"480\" height=\"270\" frameborder=\"0\" allowfullscreen=\"allowfullscreen\"><\/iframe><i><a href=\"http:\/\/www.dailymotion.com\/info24fr\" target=\"_blank\">r<\/a><\/i><\/p>\n","protected":false},"excerpt":{"rendered":"<p>Deux sources g\u00e9n\u00e9ralistes proposant (entre autres) des outils sur cette question\u00a0: Sur le site du SeGEC, la page du secteur religion consacr\u00e9e \u00e0 cette comp\u00e9tence.\u00a0 La revue Informations (en format papier)\u00a0: revue des professeurs de religion catholique du secondaire (ex\u00a0: &hellip; <a href=\"https:\/\/profsreligionjesuites.be\/?page_id=341\">Continuer la lecture <span class=\"meta-nav\">&rarr;<\/span><\/a><\/p>\n","protected":false},"author":3,"featured_media":0,"parent":0,"menu_order":0,"comment_status":"closed","ping_status":"closed","template":"","meta":{"ngg_post_thumbnail":0,"footnotes":""},"class_list":["post-341","page","type-page","status-publish","hentry"],"_links":{"self":[{"href":"https:\/\/profsreligionjesuites.be\/index.php?rest_route=\/wp\/v2\/pages\/341","targetHints":{"allow":["GET"]}}],"collection":[{"href":"https:\/\/profsreligionjesuites.be\/index.php?rest_route=\/wp\/v2\/pages"}],"about":[{"href":"https:\/\/profsreligionjesuites.be\/index.php?rest_route=\/wp\/v2\/types\/page"}],"author":[{"embeddable":true,"href":"https:\/\/profsreligionjesuites.be\/index.php?rest_route=\/wp\/v2\/users\/3"}],"replies":[{"embeddable":true,"href":"https:\/\/profsreligionjesuites.be\/index.php?rest_route=%2Fwp%2Fv2%2Fcomments&post=341"}],"version-history":[{"count":10,"href":"https:\/\/profsreligionjesuites.be\/index.php?rest_route=\/wp\/v2\/pages\/341\/revisions"}],"predecessor-version":[{"id":353,"href":"https:\/\/profsreligionjesuites.be\/index.php?rest_route=\/wp\/v2\/pages\/341\/revisions\/353"}],"wp:attachment":[{"href":"https:\/\/profsreligionjesuites.be\/index.php?rest_route=%2Fwp%2Fv2%2Fmedia&parent=341"}],"curies":[{"name":"wp","href":"https:\/\/api.w.org\/{rel}","templated":true}]}}